(k) = -3*k**3 + 3*k**3 + 2*k**3 + 2*k + k**2 + k**2 - 2. Calculate l(-2).
-14
Let i(t) = -t**2 + 2*t + 3. Let g = 10 - 4. Let l be (3 - 5) + g + -1. Calculate i(l).
0
Let h(y) = -2*y - 2. Let q(t) = t - 6. Let u(a) = -a. Let x(w) = -q(w) - 6*u(w). Let r(p) = -8*h(p) - 3*x(p). Determine r(-5).
-7
Let g = -9 + 14. Suppose v - 4*u = -14, -g*v - 14 + 1 = -u. Let w(l) = -4*l**2 - 2*l - 1. Give w(v).
-13
Let y = -4 + 9. Suppose -5*w + 0 = 20, -4*n + w = 20. Let x(p) = -6*p**3 + p - 6. Let t(b) = 7*b**3 + b**2 - b + 7. Let s(z) = n*x(z) - 5*t(z). What is s(y)?
-4
Suppose -3*a = a. Let l(c) = c**2 + c - 2. Give l(a).
-2
Let s(z) = -2*z + 7. Let n be (-11 + 1)*(-3)/(-6). Let x(r) = r**2 + 4*r - 6. Let c be x(n). Let j = c - -6. Calculate s(j).
-3
Suppose -5*l = -21 - 14. Let w(a) = a**2 - 9*a + 5. Determine w(l).
-9
Let t(x) be the second derivative of 2*x**2 - 1/6*x**3 - 2*x + 0. Calculate t(7).
-3
Let z(i) = -1497*i - 5 + 1498*i + 0. Determine z(9).
4
Let n(t) = t + 4. Let m be (1/(-3))/((-9)/189). Suppose 5*f - 4*l - m - 28 = 0, -3*l = 15. Give n(f).
7
Let p(u) be the first derivative of -u**3/3 + 4*u**2 - 5*u + 12. Suppose -55 = -3*n - 2*n. Suppose -9 = -4*a + n. Calculate p(a).
10
Let j(a) be the third derivative of -1/3*a**3 + 0 + 0*a - 1/24*a**4 - 2*a**2. Let d be j(-1). Let x(q) = 4*q - 1. Give x(d).
-5
Let i = 11 + -4. Let y(v) = -6 - 2*v + i + 2*v + 2*v**2. Give y(2).
9
Let m(v) = -v + 1. Let r(o) = 2*o. Let f(t) = 3*m(t) + r(t). Let x = 11 + -6. Give f(x).
-2
Let o(y) = 8*y**2 - 2*y - 5. Let j(a) = 9*a**2 - 3*a - 6. Let n(q) = -5*j(q) + 6*o(q). Give n(-2).
6
Let z(v) be the third derivative of v**7/2520 - v**6/144 + v**5/30 - 5*v**4/24 + 5*v**2. Let n(x) be the second derivative of z(x). Calculate n(3).
-2
Let f(c) = c - 1. Let z(j) = -j + 1. Let i(r) = -5*f(r) - 4*z(r). Let m be (-11 + 4 + -7)*(-2)/(-4). Calculate i(m).
8
Let v be 12/15 + 8/(-10). Let j(p) = p**3 + p**2 + p - 4. Determine j(v).
-4
Suppose 5*q = -6 - 19, -25 = 4*f + 5*q. Let o(n) be the third derivative of -3*n**2 - 5/24*n**4 - n**3 + f - 1/60*n**5 + 0*n. Give o(-5).
-6
Let m(j) = j**2 + 5*j + 6. Let l be m(-4). Let b be (-10)/1*(-1)/l. Let v(c) = c**3 - 6*c**2 + 4*c + 7. Determine v(b).
2
Let t(o) = 7*o - 3. Let l(f) = f**2 - 5*f - 33. Let y be l(-4). What is t(y)?
18
Let o(y) = -3*y**2 - 2*y - 2. Let r(w) = 9*w. Let f be r(-1). Let z(m) = 7*m**2 + 4*m + 5. Let b(h) = f*o(h) - 4*z(h). Calculate b(3).
-5
Let v(k) = k**3 + 5*k**2 + 2. Let z(j) = j + 12. Let y be z(-9). Suppose 2*h + 12 + 1 = -m, -y*m - 4*h = 31. What is v(m)?
2
Let f(u) = -11*u**3 + 6*u**2 - 3*u + 8. Let k(w) = 4*w**3 - 2*w**2 + w - 3. Let d(z) = 3*f(z) + 8*k(z). Suppose 4*m + 2 = 6*m. Determine d(m).
0
Let z = 7 - 3. Let a be (30/z)/(-3)*-2. Let r(m) = a*m + 0*m**2 - 1 - 2 + m**2. What is r(-4)?
-7
Let y = 32 - 34. Let p(m) = -3*m**2 - 3*m - 1. What is p(y)?
-7
Suppose 0 = -h + 4*j - 15, 0 = 5*h + 3*j + j - 21. Let f(k) = -h - 7 - 2*k + 7. Give f(-5).
9
Let h(x) = x**2 - x - 1. Let r(q) be the first derivative of q**2/2 - 6. Let i(t) = -h(t) + 3*r(t). What is i(5)?
-4
Let d(y) = 4*y + 5. Let r(s) = -s. Let w(a) = -d(a) - 2*r(a). Calculate w(-4).
3
Let d(x) = -18*x + 5*x + 9*x + 3*x. Calculate d(0).
0
Suppose -g + 5*c = -8, 3*g - c - 10 = -0*g. Let w(i) = -3 + 3*i - 2*i - g*i. Suppose -12 = 2*m + x, m - 4*x = x + 5. What is w(m)?
7
Let a(u) = u - 4. Let i(h) = 4*h - 16. Suppose 4*t + 3*s = 8*s - 36, -4*t + 2*s = 36. Let x(w) = t*a(w) + 2*i(w). Suppose 4*c - 15 = -c. What is x(c)?
1
Let i(k) = -3*k - 2. Let o be i(-2). Suppose -5*a - 20 - 7 = -4*l, 4*a = -o*l. Let b(f) = -2*f. Determine b(l).
-6
Let d(t) = -t**2 - t. Let w(l) = -l**2 + 2*l - 5. Let n(m) = -2*m**2 + 3*m - 8. Let y(u) = -5*n(u) + 8*w(u). Let h(c) = 3*d(c) + 2*y(c). What is h(2)?
2
Let k(v) be the first derivative of v**2 + 2*v - 8. Calculate k(-5).
-8
Let o = -265 - -260. Let v(k) = 13*k + 13. Let g(u) = -3*u - 3. Let z(t) = -9*g(t) - 2*v(t). What is z(o)?
-4
Suppose 0 = 2*z + 3*p - p + 8, -2*p - 8 = -z. Let c(k) = k**3 - k**2 - 6. What is c(z)?
-6
Let y be 19/5 - (6 - 93/15). Let t(x) = -x**2 + 3*x - 1. Give t(y).
-5
Let o(h) = -h**2 + 3. Let n = 13 + -9. Let w = 2 + -2. Suppose n*s + w = 12. Give o(s).
-6
Let p(k) be the second derivative of 1/6*k**3 + 3*k - 5/2*k**2 + 0. Give p(-4).
-9
Let f(z) be the third derivative of z**4/24 - z**3/2 + 8*z**2. What is f(-4)?
-7
Let f(o) = -o + 9. Let l be f(7). Let x(q) = q - q**3 - 4*q**2 + 2 + 3*q**l - q**3. Let r(b) = -b**2 + b - 2. Let s be r(0). Determine x(s).
12
Suppose -2*b = -4*b. Let t(w) be the second derivative of w**5/60 - w**4/24 + 2*w**3/3 - w**2 - w. Let r(h) be the first derivative of t(h). Calculate r(b).
4
Let p(h) = -2 + 5*h - h**2 + 2 + 6. Suppose 0 = -4*c + 16 + 4. What is p(c)?
6
Let g be (-3)/(2*(-3)/(-6)). Suppose -5 = -2*r + 5. Let l(n) = -r + 4 + n + 3. Give l(g).
-1
Let v(c) = c + 25. Let d be v(-18). Let a(y) = 2*y + 2. What is a(d)?
16
Let m(k) = -k - 1. Let c(d) = -d**3 + 5*d**2 + 8*d - 9. Let w be c(6). Determine m(w).
-4
Let l(s) = -s**2 - 4*s + 5. Let v be 8/2*1/2. Suppose -10 = 2*g - 2*t, -3*g + 2*t = -v*g + 6. Calculate l(g).
5
Let q(y) = 2*y**3 - y**2 - 3*y + 1. Let d(a) = a**3 + 5*a**2 - a + 3. Let l be d(-5). Suppose -6*v = -2*v - l. What is q(v)?
7
Let k be 8/(-3) - (-2)/(-6). Let a(p) = 3 - 2*p - 4*p**2 + 5*p**3 - 6*p**3 + 3*p. What is a(k)?
-9
Let l be (0 - -3) + -3 + -1 + 7. Let s(n) = -n**3 + 7*n**2 - 8*n + 7. Calculate s(l).
-5
Let m(a) = -1 - a + a**3 - a**2 - 4*a**2 + 3*a**2 + a**2. Let t(x) = x**3 + 11*x**2 + 13*x + 30. Let n be t(-10). Give m(n).
-1
Let m(c) = -c**3 + c**2 - 1. Let v(k) = -k**2 - k - 2. Let l be v(-4). Let r = l - -15. Determine m(r).
-1
Let j(p) be the second derivative of -p**7/420 - p**6/90 - p**5/30 - p**4/12 - p**3/2 + 2*p. Let v(n) be the second derivative of j(n). Determine v(-2).
6
Let n = -18 - -16. Let m(v) be the third derivative of 0 - 1/60*v**6 - v**2 + 1/6*v**3 - 1/20*v**5 + 0*v + 0*v**4. Determine m(n).
5
Let p(b) = -3*b**2 - 13*b - 3. Let h(v) = 4*v**2 + 19*v + 4. Let l(j) = 5*h(j) + 7*p(j). Let m = -6 - -8. Let t = 5 - m. Determine l(t).
2
Let q(v) = 7*v**3 - 2*v - 9. Let w(s) = -8*s**3 + s**2 + 2*s + 9. Let z(x) = 7*q(x) + 6*w(x). Let n = 241 + -247. Determine z(n).
3
Let c(z) = -z + 1. Let j(r) = 7*r - 2. Let o(m) = 5*c(m) + j(m). Calculate o(-3).
-3
Let d(r) = 1 - 22*r**2 - r**3 - 3 + 21*r**2 + 0*r**3 - r. Determine d(-2).
4
Let u(d) be the first derivative of d**4/12 + d**2/2 - 2. Let p(g) be the second derivative of u(g). Calculate p(-1).
-2
Let x(v) be the first derivative of v**4/4 - 3*v**3 + 4*v**2 - 4*v - 13. What is x(8)?
-4
Let l(a) = -a**2 - 4*a. Let n be (6/10)/((-1)/(-5)). Suppose 2*b - 3 = -3*x, 0 = -b - n*b + x - 15. Determine l(b).
3
Let r(n) = n + 4. Let k be r(-2). Let g be (k - 1 - 3) + 3. Let d(a) = 9*a**3 - 2*a + 1. Give d(g).
8
Let j(t) = -t**2 - 1. Let f(n) = 4*n**2 - n + 12. Let h(k) = f(k) + 5*j(k). Give h(-5).
-13
Let l(v) = 4*v + 1. Let o(y) = 7*y + 1. Suppose -20 = -2*f + 4*f. Let p(i) = f*l(i) + 6*o(i). What is p(4)?
4
Let q(i) = i**2 - 8*i - 6. Let d = -63 - -72. Determine q(d).
3
Let t(x) = 2. Let a(k) = k + 7. Let r(d) = -6*a(d) + 21*t(d). Determine r(1).
-6
Let w(k) = k**2 + 2*k - 5. Let y be w(-4). Let u(b) = 3*b**3 - y*b**3 + b - b**3 - 3*b - 4 + 5*b**2. Calculate u(3).
8
Suppose -3*a - 17 + 11 = 0. Let w(x) = -5*x - 1. Determine w(a).
9
Let p = 22 - 15. Let q(d) = -d**3 + 6*d**2 + 6*d + 4. Calculate q(p).
-3
Let u be (-15)/(-10) + 0 - (-1)/2. Let t(c) = c**3 - 2*c + 1. What is t(u)?
5
Let y(d) = d**3 + 2*d - 7. Let g be y(0). Let k(f) = -f - 13. Determine k(g).
-6
Let z(x) = x**2 - 5*x - 4. Let u be z(6). Let m(a) = -7*a + a - u + 3 + a**2. What is m(5)?
-4
Let q(r) = -r**3 - r**2 - 2. Let l be 6/(-33) + 2/11. Suppose 2*a + l - 10 = 0. Suppose 0 = a*s - 5*h + 5, -s - 3*h - 8 + 3 = 0. What is q(s)?
2
Let t(z) be the second derivative of z**6/60 - z**5/20 + z**4/12 - z**3/2 - 3*z**2 + z. Let v(q) be the first derivative of t(q). Determine v(2).
5
Let i be (-20 + 17)*4/(-2). Let f(b) = -b**2 - 2*b - 9. Let d(x) = -4*x**2 - 5*x - 28. Let h(s) = 2*d(s) - 7*f(s). What is h(i)?
-5
Let h(l) be the second derivative of l**4/12 + l**3/2 + 2*l**2 + 4*l. Calculate h(-4).
8
Let y(d) = -2*d - 3. 